Last updated on 2024-05-04 05:50:14 CEST.
Flavor | Version | Tinstall | Tcheck | Ttotal | Status | Flags |
---|---|---|---|---|---|---|
r-devel-linux-x86_64-debian-clang | 1.0.1 | 4.56 | 69.26 | 73.82 | NOTE | |
r-devel-linux-x86_64-fedora-clang | 1.0.1 | 96.03 | NOTE | |||
r-devel-linux-x86_64-fedora-gcc | 1.0.1 | 109.14 | NOTE | |||
r-devel-windows-x86_64 | 1.0.1 | 7.00 | 76.00 | 83.00 | NOTE | |
r-patched-linux-x86_64 | 1.0.1 | 5.91 | 66.66 | 72.57 | NOTE | |
r-release-linux-x86_64 | 1.0.1 | 5.20 | 72.89 | 78.09 | NOTE | |
r-release-macos-arm64 | 1.0.1 | 36.00 | NOTE | |||
r-release-windows-x86_64 | 1.0.1 | 7.00 | 71.00 | 78.00 | NOTE | |
r-oldrel-macos-arm64 | 1.0.1 | 35.00 | NOTE | |||
r-oldrel-macos-x86_64 | 1.0.1 | 58.00 | NOTE | |||
r-oldrel-windows-x86_64 | 1.0.1 | 8.00 | 82.00 | 90.00 | NOTE |
Version: 1.0.1
Check: LazyData
Result: NOTE
'LazyData' is specified without a 'data' directory
Flavors: r-devel-linux-x86_64-debian-clang, r-devel-linux-x86_64-fedora-clang, r-devel-linux-x86_64-fedora-gcc, r-devel-windows-x86_64, r-patched-linux-x86_64, r-release-linux-x86_64, r-release-macos-arm64, r-release-windows-x86_64, r-oldrel-macos-arm64, r-oldrel-macos-x86_64, r-oldrel-windows-x86_64
These binaries (installable software) and packages are in development.
They may not be fully stable and should be used with caution. We make no claims about them.