CRAN Package Check Results for Package AMISforInfectiousDiseases

Last updated on 2025-10-25 09:49:23 CEST.

Flavor Version Tinstall Tcheck Ttotal Status Flags
r-devel-linux-x86_64-debian-clang 0.1.0 106.66 135.68 242.34 OK
r-devel-linux-x86_64-debian-gcc 0.1.0 59.84 95.48 155.32 OK
r-devel-linux-x86_64-fedora-clang 0.1.0 163.00 278.69 441.69 OK
r-devel-linux-x86_64-fedora-gcc 0.1.0 211.00 182.24 393.24 OK
r-devel-windows-x86_64 0.1.0 133.00 137.00 270.00 OK
r-patched-linux-x86_64 0.1.0 97.40 125.89 223.29 OK
r-release-linux-x86_64 0.1.0 100.74 122.52 223.26 OK
r-release-macos-arm64 0.1.0 34.00 53.00 87.00 OK
r-release-macos-x86_64 0.1.0 36.00 99.00 135.00 OK
r-release-windows-x86_64 0.1.0 132.00 163.00 295.00 OK
r-oldrel-macos-arm64 0.1.0 32.00 56.00 88.00 OK
r-oldrel-macos-x86_64 0.1.0 37.00 110.00 147.00 OK
r-oldrel-windows-x86_64 0.1.0 151.00 183.00 334.00 ERROR

Check Details

Version: 0.1.0
Check: re-building of vignette outputs
Result: ERROR Error(s) in re-building vignettes: --- re-building 'ascariasis.Rmd' using rmarkdown File figure/asc_plot_mixt-1.png not found in resource path Error: processing vignette 'ascariasis.Rmd' failed with diagnostics: pandoc document conversion failed with error 99 --- failed re-building 'ascariasis.Rmd' --- re-building 'simulation_study.Rmd' using rmarkdown File figure/sim_plot_true_data-1.png not found in resource path Error: processing vignette 'simulation_study.Rmd' failed with diagnostics: pandoc document conversion failed with error 99 --- failed re-building 'simulation_study.Rmd' SUMMARY: processing the following files failed: 'ascariasis.Rmd' 'simulation_study.Rmd' Error: Vignette re-building failed. Execution halted Flavor: r-oldrel-windows-x86_64

These binaries (installable software) and packages are in development.
They may not be fully stable and should be used with caution. We make no claims about them.