Last updated on 2024-05-04 05:50:15 CEST.
Flavor | Version | Tinstall | Tcheck | Ttotal | Status | Flags |
---|---|---|---|---|---|---|
r-devel-linux-x86_64-debian-clang | 2.3.4 | 466.59 | 75.70 | 542.29 | NOTE | |
r-devel-linux-x86_64-fedora-clang | 2.3.4 | 860.18 | NOTE | |||
r-devel-linux-x86_64-fedora-gcc | 2.3.4 | 829.43 | NOTE | |||
r-devel-windows-x86_64 | 2.3.4 | 316.00 | 114.00 | 430.00 | NOTE | |
r-patched-linux-x86_64 | 2.3.4 | 421.61 | 79.53 | 501.14 | NOTE | |
r-release-linux-x86_64 | 2.3.4 | 450.35 | 80.73 | 531.08 | NOTE | |
r-release-macos-arm64 | 2.3.4 | 192.00 | NOTE | |||
r-release-windows-x86_64 | 2.3.4 | 308.00 | 107.00 | 415.00 | NOTE | |
r-oldrel-macos-arm64 | 2.3.4 | 264.00 | NOTE | |||
r-oldrel-macos-x86_64 | 2.3.4 | 406.00 | NOTE | |||
r-oldrel-windows-x86_64 | 2.3.4 | 388.00 | 135.00 | 523.00 | NOTE |
Version: 2.3.4
Check: C++ specification
Result: NOTE
Specified C++11: please drop specification unless essential
Flavors: r-devel-linux-x86_64-debian-clang, r-devel-linux-x86_64-fedora-clang, r-devel-linux-x86_64-fedora-gcc, r-devel-windows-x86_64, r-patched-linux-x86_64, r-release-linux-x86_64, r-release-macos-arm64, r-release-windows-x86_64, r-oldrel-macos-arm64, r-oldrel-macos-x86_64, r-oldrel-windows-x86_64
Version: 2.3.4
Check: LazyData
Result: NOTE
'LazyData' is specified without a 'data' directory
Flavors: r-devel-linux-x86_64-debian-clang, r-devel-linux-x86_64-fedora-clang, r-devel-linux-x86_64-fedora-gcc, r-devel-windows-x86_64, r-patched-linux-x86_64, r-release-linux-x86_64, r-release-macos-arm64, r-release-windows-x86_64, r-oldrel-macos-arm64, r-oldrel-macos-x86_64, r-oldrel-windows-x86_64
Version: 2.3.4
Check: installed package size
Result: NOTE
installed size is 28.8Mb
sub-directories of 1Mb or more:
cereal 1.4Mb
libs 27.3Mb
Flavors: r-release-macos-arm64, r-oldrel-macos-arm64, r-oldrel-macos-x86_64
These binaries (installable software) and packages are in development.
They may not be fully stable and should be used with caution. We make no claims about them.