Last updated on 2024-05-04 05:50:15 CEST.
Flavor | Version | Tinstall | Tcheck | Ttotal | Status | Flags |
---|---|---|---|---|---|---|
r-devel-linux-x86_64-debian-clang | 1.1.4 | 54.04 | 217.41 | 271.45 | OK | |
r-devel-linux-x86_64-fedora-clang | 1.1.4 | 366.68 | OK | |||
r-devel-linux-x86_64-fedora-gcc | 1.1.4 | 356.83 | OK | |||
r-devel-windows-x86_64 | 1.1.4 | 57.00 | 174.00 | 231.00 | OK | |
r-patched-linux-x86_64 | 1.1.4 | 56.13 | 217.27 | 273.40 | OK | |
r-release-linux-x86_64 | 1.1.4 | 53.16 | 221.65 | 274.81 | OK | |
r-release-macos-arm64 | 1.1.4 | 101.00 | NOTE | |||
r-release-macos-x86_64 | 1.1.4 | 130.00 | OK | |||
r-release-windows-x86_64 | 1.1.4 | 55.00 | 170.00 | 225.00 | OK | |
r-oldrel-macos-arm64 | 1.1.4 | 83.00 | NOTE | |||
r-oldrel-macos-x86_64 | 1.1.4 | 120.00 | OK | |||
r-oldrel-windows-x86_64 | 1.1.4 | 62.00 | 219.00 | 281.00 | OK |
Version: 1.1.4
Check: installed package size
Result: NOTE
installed size is 5.8Mb
sub-directories of 1Mb or more:
data 5.4Mb
Flavors: r-release-macos-arm64, r-oldrel-macos-arm64
These binaries (installable software) and packages are in development.
They may not be fully stable and should be used with caution. We make no claims about them.