Last updated on 2025-10-23 21:51:19 CEST.
Flavor | Version | Tinstall | Tcheck | Ttotal | Status | Flags |
---|---|---|---|---|---|---|
r-devel-linux-x86_64-debian-clang | 2.1.9 | 3.13 | 27.51 | 30.64 | NOTE | |
r-devel-linux-x86_64-debian-gcc | 2.1.9 | 2.57 | 21.65 | 24.22 | NOTE | |
r-devel-linux-x86_64-fedora-clang | 2.1.9 | 43.46 | OK | |||
r-devel-linux-x86_64-fedora-gcc | 2.1.9 | 41.93 | OK | |||
r-devel-windows-x86_64 | 2.1.9 | 6.00 | 47.00 | 53.00 | OK | |
r-patched-linux-x86_64 | 2.1.9 | 2.47 | 25.86 | 28.33 | OK | |
r-release-linux-x86_64 | 2.1.9 | 3.01 | 25.80 | 28.81 | OK | |
r-release-macos-arm64 | 2.1.9 | 3.00 | 19.00 | 22.00 | OK | |
r-release-macos-x86_64 | 2.1.9 | 4.00 | 26.00 | 30.00 | OK | |
r-release-windows-x86_64 | 2.1.9 | 8.00 | 49.00 | 57.00 | OK | |
r-oldrel-macos-arm64 | 2.1.9 | 4.00 | 26.00 | 30.00 | OK | |
r-oldrel-macos-x86_64 | 2.1.9 | 3.00 | 23.00 | 26.00 | OK | |
r-oldrel-windows-x86_64 | 2.1.9 | 6.00 | 55.00 | 61.00 | OK |
Version: 2.1.9
Check: CRAN incoming feasibility
Result: NOTE
Maintainer: ‘David Ardia <david.ardia.ch@gmail.com>’
Package CITATION file contains call(s) to old-style personList() or
as.personList(). Please use c() on person objects instead.
Package CITATION file contains call(s) to old-style citEntry(). Please
use bibentry() instead.
Flavors: r-devel-linux-x86_64-debian-clang, r-devel-linux-x86_64-debian-gcc
These binaries (installable software) and packages are in development.
They may not be fully stable and should be used with caution. We make no claims about them.