Last updated on 2024-05-04 05:50:15 CEST.
Flavor | Version | Tinstall | Tcheck | Ttotal | Status | Flags |
---|---|---|---|---|---|---|
r-devel-linux-x86_64-debian-clang | 0.4.0 | 8.81 | 92.50 | 101.31 | OK | |
r-devel-linux-x86_64-fedora-clang | 0.4.0 | 129.70 | NOTE | |||
r-devel-linux-x86_64-fedora-gcc | 0.4.0 | 142.43 | NOTE | |||
r-devel-windows-x86_64 | 0.4.0 | 10.00 | 110.00 | 120.00 | OK | |
r-patched-linux-x86_64 | 0.4.0 | 6.99 | 86.88 | 93.87 | OK | |
r-release-linux-x86_64 | 0.4.0 | 7.27 | 86.67 | 93.94 | OK | |
r-release-macos-arm64 | 0.4.0 | 48.00 | OK | |||
r-release-macos-x86_64 | 0.4.0 | 131.00 | OK | |||
r-release-windows-x86_64 | 0.4.0 | 11.00 | 109.00 | 120.00 | OK | |
r-oldrel-macos-arm64 | 0.4.0 | 48.00 | OK | |||
r-oldrel-macos-x86_64 | 0.4.0 | 117.00 | OK | |||
r-oldrel-windows-x86_64 | 0.4.0 | 13.00 | 121.00 | 134.00 | OK |
Version: 0.4.0
Check: data for non-ASCII characters
Result: NOTE
Note: found 1 marked UTF-8 string
Flavors: r-devel-linux-x86_64-fedora-clang, r-devel-linux-x86_64-fedora-gcc
These binaries (installable software) and packages are in development.
They may not be fully stable and should be used with caution. We make no claims about them.