Last updated on 2024-05-04 05:50:15 CEST.
Flavor | Version | Tinstall | Tcheck | Ttotal | Status | Flags |
---|---|---|---|---|---|---|
r-devel-linux-x86_64-debian-clang | 1.0.4 | 13.33 | 97.13 | 110.46 | OK | |
r-devel-linux-x86_64-fedora-clang | 1.0.4 | 135.65 | NOTE | |||
r-devel-linux-x86_64-fedora-gcc | 1.0.4 | 403.40 | NOTE | |||
r-devel-windows-x86_64 | 1.0.4 | 12.00 | 92.00 | 104.00 | OK | |
r-patched-linux-x86_64 | 1.0.4 | 11.65 | 93.11 | 104.76 | OK | |
r-release-linux-x86_64 | 1.0.4 | 11.85 | 91.75 | 103.60 | OK | |
r-release-macos-arm64 | 1.0.4 | 95.00 | OK | |||
r-release-windows-x86_64 | 1.0.4 | 13.00 | 90.00 | 103.00 | OK | |
r-oldrel-macos-arm64 | 1.0.4 | 99.00 | OK | |||
r-oldrel-macos-x86_64 | 1.0.4 | 191.00 | OK | |||
r-oldrel-windows-x86_64 | 1.0.4 | 16.00 | 103.00 | 119.00 | OK |
Version: 1.0.4
Check: dependencies in R code
Result: NOTE
Namespace in Imports field not imported from: ‘knitr’
All declared Imports should be used.
Flavors: r-devel-linux-x86_64-fedora-clang, r-devel-linux-x86_64-fedora-gcc
These binaries (installable software) and packages are in development.
They may not be fully stable and should be used with caution. We make no claims about them.