Last updated on 2024-05-04 05:50:15 CEST.
Flavor | Version | Tinstall | Tcheck | Ttotal | Status | Flags |
---|---|---|---|---|---|---|
r-devel-linux-x86_64-debian-clang | 1.3.2 | 9.19 | 43.46 | 52.65 | OK | |
r-devel-linux-x86_64-fedora-clang | 1.3.2 | 65.36 | NOTE | |||
r-devel-linux-x86_64-fedora-gcc | 1.3.2 | 79.90 | NOTE | |||
r-devel-windows-x86_64 | 1.3.2 | 8.00 | 62.00 | 70.00 | OK | |
r-patched-linux-x86_64 | 1.3.2 | 10.88 | 42.44 | 53.32 | OK | |
r-release-linux-x86_64 | 1.3.2 | 7.46 | 41.42 | 48.88 | OK | |
r-release-macos-arm64 | 1.3.2 | 33.00 | OK | |||
r-release-windows-x86_64 | 1.3.2 | 8.00 | 59.00 | 67.00 | OK | |
r-oldrel-macos-arm64 | 1.3.2 | 31.00 | OK | |||
r-oldrel-macos-x86_64 | 1.3.2 | 44.00 | OK | |||
r-oldrel-windows-x86_64 | 1.3.2 | 9.00 | 60.00 | 69.00 | OK |
Version: 1.3.2
Check: dependencies in R code
Result: NOTE
Namespace in Imports field not imported from: ‘openssl’
All declared Imports should be used.
Flavors: r-devel-linux-x86_64-fedora-clang, r-devel-linux-x86_64-fedora-gcc
Version: 1.3.2
Check: Rd cross-references
Result: NOTE
Undeclared package ‘AzureAuth’ in Rd xrefs
Flavor: r-devel-linux-x86_64-fedora-clang
These binaries (installable software) and packages are in development.
They may not be fully stable and should be used with caution. We make no claims about them.