Last updated on 2024-05-04 05:50:15 CEST.
Flavor | Version | Tinstall | Tcheck | Ttotal | Status | Flags |
---|---|---|---|---|---|---|
r-devel-linux-x86_64-debian-clang | 0.2.0 | 7.74 | 129.91 | 137.65 | NOTE | |
r-devel-linux-x86_64-fedora-clang | 0.2.0 | 177.18 | NOTE | |||
r-devel-linux-x86_64-fedora-gcc | 0.2.0 | 184.23 | NOTE | |||
r-devel-windows-x86_64 | 0.2.0 | 6.00 | 115.00 | 121.00 | NOTE | |
r-patched-linux-x86_64 | 0.2.0 | 5.30 | 126.05 | 131.35 | NOTE | |
r-release-linux-x86_64 | 0.2.0 | 4.26 | 125.89 | 130.15 | NOTE | |
r-release-macos-arm64 | 0.2.0 | 53.00 | NOTE | |||
r-release-macos-x86_64 | 0.2.0 | 154.00 | NOTE | |||
r-release-windows-x86_64 | 0.2.0 | 6.00 | 111.00 | 117.00 | NOTE | |
r-oldrel-macos-arm64 | 0.2.0 | 52.00 | NOTE | |||
r-oldrel-macos-x86_64 | 0.2.0 | 100.00 | NOTE | |||
r-oldrel-windows-x86_64 | 0.2.0 | 7.00 | 131.00 | 138.00 | NOTE |
Version: 0.2.0
Check: LazyData
Result: NOTE
'LazyData' is specified without a 'data' directory
Flavors: r-devel-linux-x86_64-debian-clang, r-devel-linux-x86_64-fedora-clang, r-devel-linux-x86_64-fedora-gcc, r-devel-windows-x86_64, r-patched-linux-x86_64, r-release-linux-x86_64, r-release-macos-arm64, r-release-macos-x86_64, r-release-windows-x86_64, r-oldrel-macos-arm64, r-oldrel-macos-x86_64, r-oldrel-windows-x86_64
These binaries (installable software) and packages are in development.
They may not be fully stable and should be used with caution. We make no claims about them.