Last updated on 2024-05-04 05:50:15 CEST.
Flavor | Version | Tinstall | Tcheck | Ttotal | Status | Flags |
---|---|---|---|---|---|---|
r-devel-linux-x86_64-debian-clang | 1.7.1 | 15.65 | 170.47 | 186.12 | NOTE | |
r-devel-linux-x86_64-fedora-clang | 1.7.1 | 248.67 | NOTE | |||
r-devel-linux-x86_64-fedora-gcc | 1.7.1 | 234.53 | NOTE | |||
r-devel-windows-x86_64 | 1.7.1 | 26.00 | 168.00 | 194.00 | NOTE | |
r-patched-linux-x86_64 | 1.7.1 | 17.22 | 155.73 | 172.95 | OK | |
r-release-linux-x86_64 | 1.7.1 | 16.01 | 151.40 | 167.41 | OK | |
r-release-macos-arm64 | 1.7.1 | 74.00 | OK | |||
r-release-windows-x86_64 | 1.7.1 | 27.00 | 165.00 | 192.00 | OK | |
r-oldrel-macos-arm64 | 1.7.1 | 81.00 | OK | |||
r-oldrel-macos-x86_64 | 1.7.1 | 220.00 | OK | |||
r-oldrel-windows-x86_64 | 1.7.1 | 27.00 | 187.00 | 214.00 | OK |
Version: 1.7.1
Check: compiled code
Result: NOTE
File ‘BAS/libs/BAS.so’:
Found non-API call to R: ‘SETLENGTH’
Compiled code should not call non-API entry points in R.
See ‘Writing portable packages’ in the ‘Writing R Extensions’ manual.
Flavors: r-devel-linux-x86_64-debian-clang, r-devel-linux-x86_64-fedora-clang, r-devel-linux-x86_64-fedora-gcc
Version: 1.7.1
Check: compiled code
Result: NOTE
File 'BAS/libs/x64/BAS.dll':
Found non-API call to R: 'SETLENGTH'
Compiled code should not call non-API entry points in R.
See 'Writing portable packages' in the 'Writing R Extensions' manual.
Flavor: r-devel-windows-x86_64
These binaries (installable software) and packages are in development.
They may not be fully stable and should be used with caution. We make no claims about them.