Last updated on 2025-10-24 13:49:33 CEST.
| Flavor | Version | Tinstall | Tcheck | Ttotal | Status | Flags |
|---|---|---|---|---|---|---|
| r-devel-linux-x86_64-debian-clang | 0.1.1 | 2.03 | 21.86 | 23.89 | NOTE | |
| r-devel-linux-x86_64-debian-gcc | 0.1.1 | 1.65 | 17.49 | 19.14 | NOTE | |
| r-devel-linux-x86_64-fedora-clang | 0.1.1 | 34.16 | OK | |||
| r-devel-linux-x86_64-fedora-gcc | 0.1.1 | 32.97 | OK | |||
| r-devel-windows-x86_64 | 0.1.1 | 3.00 | 40.00 | 43.00 | OK | |
| r-patched-linux-x86_64 | 0.1.1 | 2.01 | 20.27 | 22.28 | OK | |
| r-release-linux-x86_64 | 0.1.1 | 2.04 | 20.35 | 22.39 | OK | |
| r-release-macos-arm64 | 0.1.1 | 1.00 | 16.00 | 17.00 | OK | |
| r-release-macos-x86_64 | 0.1.1 | 2.00 | 23.00 | 25.00 | OK | |
| r-release-windows-x86_64 | 0.1.1 | 3.00 | 41.00 | 44.00 | OK | |
| r-oldrel-macos-arm64 | 0.1.1 | 1.00 | 20.00 | 21.00 | OK | |
| r-oldrel-macos-x86_64 | 0.1.1 | 3.00 | 27.00 | 30.00 | OK | |
| r-oldrel-windows-x86_64 | 0.1.1 | 3.00 | 44.00 | 47.00 | OK |
Version: 0.1.1
Check: CRAN incoming feasibility
Result: NOTE
Maintainer: ‘Nicola Lunardon <nicola.lunardon@unimib.it>’
No Authors@R field in DESCRIPTION.
Please add one, modifying
Authors@R: c(person(given = "Nicola",
family = "Lunardon",
role = c("aut", "cre"),
email = "nicola.lunardon@unimib.it"),
person(given = "Daniel",
family = "Scharfstein",
role = "aut",
email = "dscharf@jhu.edu"))
as necessary.
Flavors: r-devel-linux-x86_64-debian-clang, r-devel-linux-x86_64-debian-gcc
These binaries (installable software) and packages are in development.
They may not be fully stable and should be used with caution. We make no claims about them.