Last updated on 2024-05-04 05:50:16 CEST.
Flavor | Version | Tinstall | Tcheck | Ttotal | Status | Flags |
---|---|---|---|---|---|---|
r-devel-linux-x86_64-debian-clang | 0.5.2 | 3.51 | 92.96 | 96.47 | OK | |
r-devel-linux-x86_64-fedora-clang | 0.5.2 | 115.57 | NOTE | |||
r-devel-linux-x86_64-fedora-gcc | 0.5.2 | 128.68 | NOTE | |||
r-devel-windows-x86_64 | 0.5.2 | 3.00 | 74.00 | 77.00 | OK | |
r-patched-linux-x86_64 | 0.5.2 | 3.50 | 88.53 | 92.03 | OK | |
r-release-linux-x86_64 | 0.5.2 | 2.94 | 86.11 | 89.05 | OK | |
r-release-macos-arm64 | 0.5.2 | 34.00 | OK | |||
r-release-windows-x86_64 | 0.5.2 | 3.00 | 75.00 | 78.00 | OK | |
r-oldrel-macos-arm64 | 0.5.2 | 42.00 | OK | |||
r-oldrel-macos-x86_64 | 0.5.2 | 59.00 | OK | |||
r-oldrel-windows-x86_64 | 0.5.2 | 4.00 | 88.00 | 92.00 | OK |
Version: 0.5.2
Check: dependencies in R code
Result: NOTE
Namespace in Imports field not imported from: ‘compiler’
All declared Imports should be used.
Flavors: r-devel-linux-x86_64-fedora-clang, r-devel-linux-x86_64-fedora-gcc
These binaries (installable software) and packages are in development.
They may not be fully stable and should be used with caution. We make no claims about them.