Last updated on 2024-05-04 05:50:16 CEST.
Flavor | Version | Tinstall | Tcheck | Ttotal | Status | Flags |
---|---|---|---|---|---|---|
r-devel-linux-x86_64-debian-clang | 0.1.1 | 11.58 | 100.49 | 112.07 | NOTE | |
r-devel-linux-x86_64-fedora-clang | 0.1.1 | 153.21 | NOTE | |||
r-devel-linux-x86_64-fedora-gcc | 0.1.1 | 145.38 | NOTE | |||
r-devel-windows-x86_64 | 0.1.1 | 9.00 | 86.00 | 95.00 | NOTE | |
r-patched-linux-x86_64 | 0.1.1 | 11.06 | 97.64 | 108.70 | NOTE | |
r-release-linux-x86_64 | 0.1.1 | 10.38 | 95.39 | 105.77 | NOTE | |
r-release-macos-arm64 | 0.1.1 | 46.00 | NOTE | |||
r-release-macos-x86_64 | 0.1.1 | 94.00 | NOTE | |||
r-release-windows-x86_64 | 0.1.1 | 9.00 | 85.00 | 94.00 | NOTE | |
r-oldrel-macos-arm64 | 0.1.1 | 52.00 | NOTE | |||
r-oldrel-macos-x86_64 | 0.1.1 | 77.00 | NOTE | |||
r-oldrel-windows-x86_64 | 0.1.1 | 12.00 | 99.00 | 111.00 | NOTE |
Version: 0.1.1
Check: LazyData
Result: NOTE
'LazyData' is specified without a 'data' directory
Flavors: r-devel-linux-x86_64-debian-clang, r-devel-linux-x86_64-fedora-clang, r-devel-linux-x86_64-fedora-gcc, r-devel-windows-x86_64, r-patched-linux-x86_64, r-release-linux-x86_64, r-release-macos-arm64, r-release-macos-x86_64, r-release-windows-x86_64, r-oldrel-macos-arm64, r-oldrel-macos-x86_64, r-oldrel-windows-x86_64
These binaries (installable software) and packages are in development.
They may not be fully stable and should be used with caution. We make no claims about them.