Last updated on 2024-05-04 05:50:16 CEST.
Flavor | Version | Tinstall | Tcheck | Ttotal | Status | Flags |
---|---|---|---|---|---|---|
r-devel-linux-x86_64-debian-clang | 3.2.5 | 59.80 | 139.08 | 198.88 | OK | |
r-devel-linux-x86_64-fedora-clang | 3.2.5 | 258.05 | OK | |||
r-devel-linux-x86_64-fedora-gcc | 3.2.5 | 262.11 | OK | |||
r-devel-windows-x86_64 | 3.2.5 | 48.00 | 138.00 | 186.00 | NOTE | |
r-patched-linux-x86_64 | 3.2.5 | 49.06 | 130.53 | 179.59 | OK | |
r-release-linux-x86_64 | 3.2.5 | 48.62 | 128.77 | 177.39 | OK | |
r-release-macos-arm64 | 3.2.5 | 68.00 | OK | |||
r-release-windows-x86_64 | 3.2.5 | 48.00 | 136.00 | 184.00 | NOTE | |
r-oldrel-macos-arm64 | 3.2.5 | 70.00 | OK | |||
r-oldrel-macos-x86_64 | 3.2.5 | 117.00 | OK | |||
r-oldrel-windows-x86_64 | 3.2.5 | 61.00 | 170.00 | 231.00 | NOTE |
Version: 3.2.5
Check: C++ specification
Result: NOTE
Specified C++11: please drop specification unless essential
Flavors: r-devel-windows-x86_64, r-release-windows-x86_64, r-oldrel-windows-x86_64
These binaries (installable software) and packages are in development.
They may not be fully stable and should be used with caution. We make no claims about them.