Last updated on 2024-05-04 05:50:15 CEST.
Flavor | Version | Tinstall | Tcheck | Ttotal | Status | Flags |
---|---|---|---|---|---|---|
r-devel-linux-x86_64-debian-clang | 1.1.0 | 8.08 | 47.19 | 55.27 | OK | |
r-devel-linux-x86_64-fedora-clang | 1.1.0 | 71.82 | OK | |||
r-devel-linux-x86_64-fedora-gcc | 1.1.0 | 71.13 | OK | |||
r-devel-windows-x86_64 | 1.1.0 | 11.00 | 67.00 | 78.00 | NOTE | |
r-patched-linux-x86_64 | 1.1.0 | 7.10 | 48.80 | 55.90 | OK | |
r-release-linux-x86_64 | 1.1.0 | 7.80 | 47.30 | 55.10 | OK | |
r-release-macos-arm64 | 1.1.0 | 24.00 | OK | |||
r-release-windows-x86_64 | 1.1.0 | 10.00 | 66.00 | 76.00 | NOTE | |
r-oldrel-macos-arm64 | 1.1.0 | 28.00 | OK | |||
r-oldrel-macos-x86_64 | 1.1.0 | 47.00 | OK | |||
r-oldrel-windows-x86_64 | 1.1.0 | 11.00 | 86.00 | 97.00 | NOTE |
Version: 1.1.0
Check: C++ specification
Result: NOTE
Specified C++11: please drop specification unless essential
Flavors: r-devel-windows-x86_64, r-release-windows-x86_64, r-oldrel-windows-x86_64
These binaries (installable software) and packages are in development.
They may not be fully stable and should be used with caution. We make no claims about them.