Last updated on 2024-05-04 05:50:15 CEST.
Flavor | Version | Tinstall | Tcheck | Ttotal | Status | Flags |
---|---|---|---|---|---|---|
r-devel-linux-x86_64-debian-clang | 0.0.3 | 1161.25 | 239.97 | 1401.22 | NOTE | |
r-devel-linux-x86_64-fedora-clang | 0.0.3 | 1676.25 | NOTE | |||
r-devel-linux-x86_64-fedora-gcc | 0.0.3 | 1339.87 | NOTE | |||
r-devel-windows-x86_64 | 0.0.3 | 883.00 | 272.00 | 1155.00 | NOTE | |
r-patched-linux-x86_64 | 0.0.3 | 0.02 | 2.46 | 2.48 | ERROR | |
r-release-linux-x86_64 | 0.0.3 | 972.52 | 325.63 | 1298.15 | NOTE | |
r-release-macos-arm64 | 0.0.3 | 439.00 | NOTE | |||
r-release-macos-x86_64 | 0.0.3 | 496.00 | NOTE | |||
r-release-windows-x86_64 | 0.0.3 | 878.00 | 266.00 | 1144.00 | NOTE | |
r-oldrel-macos-arm64 | 0.0.3 | 440.00 | NOTE | |||
r-oldrel-macos-x86_64 | 0.0.3 | 426.00 | NOTE | |||
r-oldrel-windows-x86_64 | 0.0.3 | 1137.00 | 321.00 | 1458.00 | NOTE |
Version: 0.0.3
Check: for GNU extensions in Makefiles
Result: NOTE
GNU make is a SystemRequirements.
Flavors: r-devel-linux-x86_64-debian-clang, r-devel-linux-x86_64-fedora-clang, r-devel-linux-x86_64-fedora-gcc, r-devel-windows-x86_64, r-release-linux-x86_64, r-release-macos-arm64, r-release-macos-x86_64, r-release-windows-x86_64, r-oldrel-macos-arm64, r-oldrel-macos-x86_64, r-oldrel-windows-x86_64
Version: 0.0.3
Check: installed package size
Result: NOTE
installed size is 9.8Mb
sub-directories of 1Mb or more:
libs 9.2Mb
Flavors: r-devel-linux-x86_64-fedora-clang, r-devel-windows-x86_64, r-release-macos-arm64, r-release-macos-x86_64, r-release-windows-x86_64, r-oldrel-macos-arm64, r-oldrel-macos-x86_64, r-oldrel-windows-x86_64
Version: 0.0.3
Check: dependencies in R code
Result: NOTE
Namespaces in Imports field not imported from:
‘RcppParallel’ ‘rstantools’
All declared Imports should be used.
Flavors: r-devel-linux-x86_64-fedora-clang, r-devel-linux-x86_64-fedora-gcc
Version: 0.0.3
Check: whether package can be installed
Result: ERROR
Installation failed.
Flavor: r-patched-linux-x86_64
These binaries (installable software) and packages are in development.
They may not be fully stable and should be used with caution. We make no claims about them.