Last updated on 2024-05-04 05:50:15 CEST.
Flavor | Version | Tinstall | Tcheck | Ttotal | Status | Flags |
---|---|---|---|---|---|---|
r-devel-linux-x86_64-debian-clang | 0.7.1 | 18.64 | 162.69 | 181.33 | OK | |
r-devel-linux-x86_64-fedora-clang | 0.7.1 | 221.11 | NOTE | |||
r-devel-linux-x86_64-fedora-gcc | 0.7.1 | 210.99 | OK | |||
r-devel-windows-x86_64 | 0.7.1 | 15.00 | 125.00 | 140.00 | NOTE | |
r-patched-linux-x86_64 | 0.7.1 | 14.41 | 158.73 | 173.14 | OK | |
r-release-linux-x86_64 | 0.7.1 | 13.96 | 152.57 | 166.53 | OK | |
r-release-macos-arm64 | 0.7.1 | 60.00 | NOTE | |||
r-release-macos-x86_64 | 0.7.1 | 134.00 | NOTE | |||
r-release-windows-x86_64 | 0.7.1 | 15.00 | 123.00 | 138.00 | NOTE | |
r-oldrel-macos-arm64 | 0.7.1 | 60.00 | NOTE | |||
r-oldrel-macos-x86_64 | 0.7.1 | 134.00 | NOTE | |||
r-oldrel-windows-x86_64 | 0.7.1 | 19.00 | 158.00 | 177.00 | NOTE |
Version: 0.7.1
Check: installed package size
Result: NOTE
installed size is 6.3Mb
sub-directories of 1Mb or more:
help 6.0Mb
Flavors: r-devel-linux-x86_64-fedora-clang, r-devel-windows-x86_64, r-release-macos-arm64, r-release-macos-x86_64, r-release-windows-x86_64, r-oldrel-macos-arm64, r-oldrel-macos-x86_64, r-oldrel-windows-x86_64
These binaries (installable software) and packages are in development.
They may not be fully stable and should be used with caution. We make no claims about them.