Last updated on 2024-05-04 05:50:16 CEST.
Flavor | Version | Tinstall | Tcheck | Ttotal | Status | Flags |
---|---|---|---|---|---|---|
r-devel-linux-x86_64-debian-clang | 2.1.4 | 38.90 | 197.99 | 236.89 | OK | |
r-devel-linux-x86_64-fedora-clang | 2.1.4 | 325.80 | NOTE | |||
r-devel-linux-x86_64-fedora-gcc | 2.1.4 | 302.00 | NOTE | |||
r-devel-windows-x86_64 | 2.1.4 | 38.00 | 159.00 | 197.00 | OK | |
r-patched-linux-x86_64 | 2.1.4 | 40.52 | 186.46 | 226.98 | OK | |
r-release-linux-x86_64 | 2.1.4 | 42.62 | 183.02 | 225.64 | OK | |
r-release-macos-arm64 | 2.1.4 | 66.00 | OK | |||
r-release-macos-x86_64 | 2.1.4 | 139.00 | OK | |||
r-release-windows-x86_64 | 2.1.4 | 38.00 | 158.00 | 196.00 | OK | |
r-oldrel-macos-arm64 | 2.1.4 | 70.00 | OK | |||
r-oldrel-macos-x86_64 | 2.1.4 | 205.00 | OK | |||
r-oldrel-windows-x86_64 | 2.1.4 | 50.00 | 201.00 | 251.00 | OK |
Version: 2.1.4
Check: dependencies in R code
Result: NOTE
Namespace in Imports field not imported from: ‘RBGL’
All declared Imports should be used.
Flavors: r-devel-linux-x86_64-fedora-clang, r-devel-linux-x86_64-fedora-gcc
These binaries (installable software) and packages are in development.
They may not be fully stable and should be used with caution. We make no claims about them.