Last updated on 2024-05-04 05:50:16 CEST.
Flavor | Version | Tinstall | Tcheck | Ttotal | Status | Flags |
---|---|---|---|---|---|---|
r-devel-linux-x86_64-debian-clang | 1.0.5 | 2.32 | 54.12 | 56.44 | OK | |
r-devel-linux-x86_64-fedora-clang | 1.0.5 | 75.65 | OK | |||
r-devel-linux-x86_64-fedora-gcc | 1.0.5 | 83.71 | OK | |||
r-devel-windows-x86_64 | 1.0.5 | 4.00 | 63.00 | 67.00 | OK | |
r-patched-linux-x86_64 | 1.0.5 | 2.82 | 50.47 | 53.29 | OK | |
r-release-linux-x86_64 | 1.0.5 | 3.23 | 50.73 | 53.96 | OK | |
r-release-macos-arm64 | 1.0.5 | 31.00 | OK | |||
r-release-macos-x86_64 | 1.0.5 | 55.00 | OK | |||
r-release-windows-x86_64 | 1.0.5 | 3.00 | 61.00 | 64.00 | OK | |
r-oldrel-macos-arm64 | 1.0.5 | 31.00 | OK | |||
r-oldrel-macos-x86_64 | 1.0.5 | 38.00 | NOTE | |||
r-oldrel-windows-x86_64 | 1.0.5 | 4.00 | 66.00 | 70.00 | OK |
Version: 1.0.5
Check: package dependencies
Result: NOTE
Package suggested but not available for checking: ‘Seurat’
Flavor: r-oldrel-macos-x86_64
These binaries (installable software) and packages are in development.
They may not be fully stable and should be used with caution. We make no claims about them.