Last updated on 2025-10-24 03:50:23 CEST.
| Flavor | Version | Tinstall | Tcheck | Ttotal | Status | Flags |
|---|---|---|---|---|---|---|
| r-devel-linux-x86_64-debian-clang | 1.0.3 | 13.99 | 68.73 | 82.72 | NOTE | |
| r-devel-linux-x86_64-debian-gcc | 1.0.3 | 7.86 | 49.53 | 57.39 | NOTE | |
| r-devel-linux-x86_64-fedora-clang | 1.0.3 | 24.00 | 101.12 | 125.12 | OK | |
| r-devel-linux-x86_64-fedora-gcc | 1.0.3 | 28.00 | 92.98 | 120.98 | OK | |
| r-devel-windows-x86_64 | 1.0.3 | 12.00 | 74.00 | 86.00 | OK | |
| r-patched-linux-x86_64 | 1.0.3 | 12.56 | 65.29 | 77.85 | OK | |
| r-release-linux-x86_64 | 1.0.3 | 12.81 | 65.51 | 78.32 | OK | |
| r-release-macos-arm64 | 1.0.3 | 7.00 | 40.00 | 47.00 | OK | |
| r-release-macos-x86_64 | 1.0.3 | 17.00 | 88.00 | 105.00 | OK | |
| r-release-windows-x86_64 | 1.0.3 | 12.00 | 77.00 | 89.00 | OK | |
| r-oldrel-macos-arm64 | 1.0.3 | 6.00 | 33.00 | 39.00 | NOTE | |
| r-oldrel-macos-x86_64 | 1.0.3 | 8.00 | 47.00 | 55.00 | NOTE | |
| r-oldrel-windows-x86_64 | 1.0.3 | 18.00 | 94.00 | 112.00 | NOTE |
Version: 1.0.3
Check: CRAN incoming feasibility
Result: NOTE
Maintainer: ‘Jia-Han Shih <tommy355097@gmail.com>’
No Authors@R field in DESCRIPTION.
Please add one, modifying
Authors@R: c(person(given = "Jia-Han",
family = "Shih",
role = c("aut", "cre"),
email = "tommy355097@gmail.com"),
person(given = "Wei",
family = "Lee",
role = "aut"))
as necessary.
Flavors: r-devel-linux-x86_64-debian-clang, r-devel-linux-x86_64-debian-gcc
Version: 1.0.3
Check: LazyData
Result: NOTE
'LazyData' is specified without a 'data' directory
Flavors: r-oldrel-macos-arm64, r-oldrel-macos-x86_64, r-oldrel-windows-x86_64
These binaries (installable software) and packages are in development.
They may not be fully stable and should be used with caution. We make no claims about them.