Last updated on 2024-05-04 05:50:16 CEST.
Flavor | Version | Tinstall | Tcheck | Ttotal | Status | Flags |
---|---|---|---|---|---|---|
r-devel-linux-x86_64-debian-clang | 0.1.1 | 9.66 | 93.43 | 103.09 | NOTE | |
r-devel-linux-x86_64-fedora-clang | 0.1.1 | 131.29 | NOTE | |||
r-devel-linux-x86_64-fedora-gcc | 0.1.1 | 152.53 | NOTE | |||
r-devel-windows-x86_64 | 0.1.1 | 10.00 | 84.00 | 94.00 | NOTE | |
r-patched-linux-x86_64 | 0.1.1 | 10.57 | 88.68 | 99.25 | NOTE | |
r-release-linux-x86_64 | 0.1.1 | 9.46 | 87.13 | 96.59 | NOTE | |
r-release-macos-arm64 | 0.1.1 | 48.00 | NOTE | |||
r-release-windows-x86_64 | 0.1.1 | 9.00 | 82.00 | 91.00 | NOTE | |
r-oldrel-macos-arm64 | 0.1.1 | 53.00 | NOTE | |||
r-oldrel-macos-x86_64 | 0.1.1 | 84.00 | NOTE | |||
r-oldrel-windows-x86_64 | 0.1.1 | 12.00 | 99.00 | 111.00 | NOTE |
Version: 0.1.1
Check: LazyData
Result: NOTE
'LazyData' is specified without a 'data' directory
Flavors: r-devel-linux-x86_64-debian-clang, r-devel-linux-x86_64-fedora-clang, r-devel-linux-x86_64-fedora-gcc, r-devel-windows-x86_64, r-patched-linux-x86_64, r-release-linux-x86_64, r-release-macos-arm64, r-release-windows-x86_64, r-oldrel-macos-arm64, r-oldrel-macos-x86_64, r-oldrel-windows-x86_64
These binaries (installable software) and packages are in development.
They may not be fully stable and should be used with caution. We make no claims about them.