Last updated on 2024-05-04 05:50:16 CEST.
Flavor | Version | Tinstall | Tcheck | Ttotal | Status | Flags |
---|---|---|---|---|---|---|
r-devel-linux-x86_64-debian-clang | 1.1 | 1.72 | 27.80 | 29.52 | NOTE | |
r-devel-linux-x86_64-fedora-clang | 1.1 | 38.32 | NOTE | |||
r-devel-linux-x86_64-fedora-gcc | 1.1 | 37.40 | NOTE | |||
r-devel-windows-x86_64 | 1.1 | 3.00 | 50.00 | 53.00 | NOTE | |
r-patched-linux-x86_64 | 1.1 | 2.73 | 27.07 | 29.80 | NOTE | |
r-release-linux-x86_64 | 1.1 | 1.89 | 27.19 | 29.08 | NOTE | |
r-release-macos-arm64 | 1.1 | 16.00 | NOTE | |||
r-release-windows-x86_64 | 1.1 | 4.00 | 49.00 | 53.00 | NOTE | |
r-oldrel-macos-arm64 | 1.1 | 16.00 | NOTE | |||
r-oldrel-macos-x86_64 | 1.1 | 22.00 | NOTE | |||
r-oldrel-windows-x86_64 | 1.1 | 3.00 | 48.00 | 51.00 | NOTE |
Version: 1.1
Check: LazyData
Result: NOTE
'LazyData' is specified without a 'data' directory
Flavors: r-devel-linux-x86_64-debian-clang, r-devel-linux-x86_64-fedora-clang, r-devel-linux-x86_64-fedora-gcc, r-devel-windows-x86_64, r-patched-linux-x86_64, r-release-linux-x86_64, r-release-macos-arm64, r-release-windows-x86_64, r-oldrel-macos-arm64, r-oldrel-macos-x86_64, r-oldrel-windows-x86_64
Version: 1.1
Check: Rd cross-references
Result: NOTE
Undeclared packages ‘Hmisc’, ‘gtools’ in Rd xrefs
Flavor: r-devel-linux-x86_64-fedora-clang
These binaries (installable software) and packages are in development.
They may not be fully stable and should be used with caution. We make no claims about them.