Last updated on 2024-05-04 05:50:16 CEST.
Flavor | Version | Tinstall | Tcheck | Ttotal | Status | Flags |
---|---|---|---|---|---|---|
r-devel-linux-x86_64-debian-clang | 1.0.0 | 0.78 | 2.30 | 3.08 | ERROR | |
r-devel-linux-x86_64-fedora-clang | 1.0.0 | 678.14 | OK | |||
r-devel-linux-x86_64-fedora-gcc | 1.0.0 | 601.00 | OK | |||
r-devel-windows-x86_64 | 1.0.0 | 41.00 | 328.00 | 369.00 | OK | |
r-patched-linux-x86_64 | 1.0.0 | 35.68 | 424.55 | 460.23 | OK | |
r-release-linux-x86_64 | 1.0.0 | 31.87 | 428.60 | 460.47 | OK | |
r-release-macos-arm64 | 1.0.0 | 11.00 | ERROR | |||
r-release-macos-x86_64 | 1.0.0 | 314.00 | OK | |||
r-release-windows-x86_64 | 1.0.0 | 40.00 | 319.00 | 359.00 | OK | |
r-oldrel-macos-arm64 | 1.0.0 | 187.00 | OK | |||
r-oldrel-macos-x86_64 | 1.0.0 | 7.00 | ERROR | |||
r-oldrel-windows-x86_64 | 1.0.0 | 57.00 | 401.00 | 458.00 | OK |
Version: 1.0.0
Check: package dependencies
Result: ERROR
Packages required but not available:
'org.Hs.eg.db', 'org.Dr.eg.db', 'org.Mm.eg.db', 'AnnotationDbi'
See section ‘The DESCRIPTION file’ in the ‘Writing R Extensions’
manual.
Flavor: r-devel-linux-x86_64-debian-clang
Version: 1.0.0
Check: package dependencies
Result: ERROR
Packages required but not available: 'org.Dr.eg.db', 'org.Mm.eg.db'
See section ‘The DESCRIPTION file’ in the ‘Writing R Extensions’
manual.
Flavors: r-release-macos-arm64, r-oldrel-macos-x86_64
These binaries (installable software) and packages are in development.
They may not be fully stable and should be used with caution. We make no claims about them.