CRAN Package Check Results for Package CCd

Last updated on 2025-10-23 19:50:10 CEST.

Flavor Version Tinstall Tcheck Ttotal Status Flags
r-devel-linux-x86_64-debian-clang 1.1 2.43 26.77 29.20 OK
r-devel-linux-x86_64-debian-gcc 1.1 1.94 20.92 22.86 NOTE
r-devel-linux-x86_64-fedora-clang 1.1 16.00 28.94 44.94 OK
r-devel-linux-x86_64-fedora-gcc 1.1 41.02 OK
r-devel-windows-x86_64 1.1 3.00 49.00 52.00 OK
r-patched-linux-x86_64 1.1 2.44 25.80 28.24 OK
r-release-linux-x86_64 1.1 2.16 25.69 27.85 OK
r-release-macos-arm64 1.1 1.00 19.00 20.00 OK
r-release-macos-x86_64 1.1 3.00 40.00 43.00 OK
r-release-windows-x86_64 1.1 4.00 50.00 54.00 OK
r-oldrel-macos-arm64 1.1 1.00 20.00 21.00 OK
r-oldrel-macos-x86_64 1.1 3.00 49.00 52.00 OK
r-oldrel-windows-x86_64 1.1 4.00 60.00 64.00 OK

Check Details

Version: 1.1
Check: Rd files
Result: NOTE checkRd: (-1) CCd-package.Rd:11-17: Only 3 columns allowed in this table (row 1 has 2) checkRd: (-1) CCd-package.Rd:11-17: Only 3 columns allowed in this table (row 2 has 2) checkRd: (-1) CCd-package.Rd:11-17: Only 3 columns allowed in this table (row 3 has 2) checkRd: (-1) CCd-package.Rd:11-17: Only 3 columns allowed in this table (row 4 has 2) checkRd: (-1) CCd-package.Rd:11-17: Only 3 columns allowed in this table (row 5 has 2) Flavor: r-devel-linux-x86_64-debian-gcc

These binaries (installable software) and packages are in development.
They may not be fully stable and should be used with caution. We make no claims about them.