Last updated on 2024-05-04 05:50:17 CEST.
Flavor | Version | Tinstall | Tcheck | Ttotal | Status | Flags |
---|---|---|---|---|---|---|
r-devel-linux-x86_64-debian-clang | 0.3.3 | 5.51 | 56.20 | 61.71 | NOTE | |
r-devel-linux-x86_64-fedora-clang | 0.3.3 | 75.83 | NOTE | |||
r-devel-linux-x86_64-fedora-gcc | 0.3.3 | 72.34 | NOTE | |||
r-devel-windows-x86_64 | 0.3.3 | 5.00 | 66.00 | 71.00 | NOTE | |
r-patched-linux-x86_64 | 0.3.3 | 6.69 | 51.72 | 58.41 | NOTE | |
r-release-linux-x86_64 | 0.3.3 | 5.42 | 53.19 | 58.61 | NOTE | |
r-release-macos-arm64 | 0.3.3 | 23.00 | NOTE | |||
r-release-windows-x86_64 | 0.3.3 | 6.00 | 66.00 | 72.00 | NOTE | |
r-oldrel-macos-arm64 | 0.3.3 | 22.00 | NOTE | |||
r-oldrel-macos-x86_64 | 0.3.3 | 39.00 | NOTE | |||
r-oldrel-windows-x86_64 | 0.3.3 | 10.00 | 76.00 | 86.00 | NOTE |
Version: 0.3.3
Check: LazyData
Result: NOTE
'LazyData' is specified without a 'data' directory
Flavors: r-devel-linux-x86_64-debian-clang, r-devel-linux-x86_64-fedora-clang, r-devel-linux-x86_64-fedora-gcc, r-devel-windows-x86_64, r-patched-linux-x86_64, r-release-linux-x86_64, r-release-macos-arm64, r-release-windows-x86_64, r-oldrel-macos-arm64, r-oldrel-macos-x86_64, r-oldrel-windows-x86_64
These binaries (installable software) and packages are in development.
They may not be fully stable and should be used with caution. We make no claims about them.