Last updated on 2024-05-04 05:50:17 CEST.
Flavor | Version | Tinstall | Tcheck | Ttotal | Status | Flags |
---|---|---|---|---|---|---|
r-devel-linux-x86_64-debian-clang | 2.1.0 | 25.87 | 406.75 | 432.62 | OK | |
r-devel-linux-x86_64-fedora-clang | 2.1.0 | 524.70 | NOTE | |||
r-devel-linux-x86_64-fedora-gcc | 2.1.0 | 490.48 | OK | |||
r-devel-windows-x86_64 | 2.1.0 | 22.00 | 456.00 | 478.00 | OK | |
r-patched-linux-x86_64 | 2.1.0 | 27.43 | 379.58 | 407.01 | OK | |
r-release-linux-x86_64 | 2.1.0 | 23.67 | 381.28 | 404.95 | OK | |
r-release-macos-arm64 | 2.1.0 | 154.00 | NOTE | |||
r-release-macos-x86_64 | 2.1.0 | 608.00 | OK | |||
r-release-windows-x86_64 | 2.1.0 | 22.00 | 448.00 | 470.00 | OK | |
r-oldrel-macos-arm64 | 2.1.0 | 179.00 | OK | |||
r-oldrel-macos-x86_64 | 2.1.0 | 618.00 | OK | |||
r-oldrel-windows-x86_64 | 2.1.0 | 25.00 | 527.00 | 552.00 | OK |
Version: 2.1.0
Check: installed package size
Result: NOTE
installed size is 6.8Mb
sub-directories of 1Mb or more:
doc 2.1Mb
libs 2.0Mb
Flavors: r-devel-linux-x86_64-fedora-clang, r-release-macos-arm64
These binaries (installable software) and packages are in development.
They may not be fully stable and should be used with caution. We make no claims about them.