Last updated on 2024-05-04 05:50:17 CEST.
Flavor | Version | Tinstall | Tcheck | Ttotal | Status | Flags |
---|---|---|---|---|---|---|
r-devel-linux-x86_64-debian-clang | 1.2.2 | 13.15 | 316.50 | 329.65 | OK | |
r-devel-linux-x86_64-fedora-clang | 1.2.2 | 408.08 | NOTE | |||
r-devel-linux-x86_64-fedora-gcc | 1.2.2 | 385.81 | NOTE | |||
r-devel-windows-x86_64 | 1.2.2 | 15.00 | 200.00 | 215.00 | OK | |
r-patched-linux-x86_64 | 1.2.2 | 11.44 | 302.96 | 314.40 | OK | |
r-release-linux-x86_64 | 1.2.2 | 11.19 | 303.44 | 314.63 | OK | |
r-release-macos-arm64 | 1.2.2 | 100.00 | OK | |||
r-release-windows-x86_64 | 1.2.2 | 16.00 | 199.00 | 215.00 | OK | |
r-oldrel-macos-arm64 | 1.2.2 | 49.00 | OK | |||
r-oldrel-macos-x86_64 | 1.2.2 | 101.00 | OK | |||
r-oldrel-windows-x86_64 | 1.2.2 | 18.00 | 282.00 | 300.00 | OK |
Version: 1.2.2
Check: dependencies in R code
Result: NOTE
Namespaces in Imports field not imported from:
‘circlize’ ‘utils’
All declared Imports should be used.
Flavors: r-devel-linux-x86_64-fedora-clang, r-devel-linux-x86_64-fedora-gcc
These binaries (installable software) and packages are in development.
They may not be fully stable and should be used with caution. We make no claims about them.