Last updated on 2024-05-04 05:50:17 CEST.
Flavor | Version | Tinstall | Tcheck | Ttotal | Status | Flags |
---|---|---|---|---|---|---|
r-devel-linux-x86_64-debian-clang | 0.1.3 | 48.27 | 211.44 | 259.71 | OK | |
r-devel-linux-x86_64-fedora-clang | 0.1.3 | 330.42 | NOTE | |||
r-devel-linux-x86_64-fedora-gcc | 0.1.3 | 314.60 | OK | |||
r-devel-windows-x86_64 | 0.1.3 | 41.00 | 177.00 | 218.00 | NOTE | |
r-patched-linux-x86_64 | 0.1.3 | 47.56 | 196.53 | 244.09 | OK | |
r-release-linux-x86_64 | 0.1.3 | 31.69 | 196.14 | 227.83 | OK | |
r-release-macos-arm64 | 0.1.3 | 77.00 | NOTE | |||
r-release-windows-x86_64 | 0.1.3 | 38.00 | 171.00 | 209.00 | NOTE | |
r-oldrel-macos-arm64 | 0.1.3 | 99.00 | NOTE | |||
r-oldrel-macos-x86_64 | 0.1.3 | 144.00 | NOTE | |||
r-oldrel-windows-x86_64 | 0.1.3 | 48.00 | 216.00 | 264.00 | NOTE |
Version: 0.1.3
Check: installed package size
Result: NOTE
installed size is 6.0Mb
sub-directories of 1Mb or more:
data 1.1Mb
doc 3.6Mb
help 1.0Mb
Flavors: r-devel-linux-x86_64-fedora-clang, r-devel-windows-x86_64, r-release-macos-arm64, r-release-windows-x86_64, r-oldrel-macos-arm64, r-oldrel-macos-x86_64, r-oldrel-windows-x86_64
These binaries (installable software) and packages are in development.
They may not be fully stable and should be used with caution. We make no claims about them.