Last updated on 2024-05-04 05:50:17 CEST.
Flavor | Version | Tinstall | Tcheck | Ttotal | Status | Flags |
---|---|---|---|---|---|---|
r-devel-linux-x86_64-debian-clang | 0.1-2 | 2.84 | 32.58 | 35.42 | NOTE | |
r-devel-linux-x86_64-fedora-clang | 0.1-2 | 46.98 | NOTE | |||
r-devel-linux-x86_64-fedora-gcc | 0.1-2 | 43.54 | NOTE | |||
r-devel-windows-x86_64 | 0.1-2 | 4.00 | 48.00 | 52.00 | NOTE | |
r-patched-linux-x86_64 | 0.1-2 | 3.18 | 32.49 | 35.67 | NOTE | |
r-release-linux-x86_64 | 0.1-2 | 2.75 | 32.44 | 35.19 | NOTE | |
r-release-macos-arm64 | 0.1-2 | 19.00 | NOTE | |||
r-release-windows-x86_64 | 0.1-2 | 3.00 | 48.00 | 51.00 | NOTE | |
r-oldrel-macos-arm64 | 0.1-2 | 23.00 | OK | |||
r-oldrel-macos-x86_64 | 0.1-2 | 22.00 | OK | |||
r-oldrel-windows-x86_64 | 0.1-2 | 5.00 | 46.00 | 51.00 | OK |
Version: 0.1-2
Check: Rd files
Result: NOTE
checkRd: (-1) cnlt.reg.Rd:43: Lost braces
43 | \emph{Technometrics}, bold{60} (1), 48-60, DOI 10.1080/00401706.2017.1281846.\cr\cr
| ^
checkRd: (-1) fwtnppermC.Rd:35: Lost braces
35 | Given \eqn{n} points on a line, \env{x}, each with a corresponding env{f} value this function computes
| ^
Flavors: r-devel-linux-x86_64-debian-clang, r-devel-linux-x86_64-fedora-clang, r-devel-linux-x86_64-fedora-gcc, r-devel-windows-x86_64, r-patched-linux-x86_64, r-release-linux-x86_64, r-release-macos-arm64, r-release-windows-x86_64
Version: 0.1-2
Check: Rd cross-references
Result: NOTE
Undeclared package ‘wavethresh’ in Rd xrefs
Flavor: r-devel-linux-x86_64-fedora-clang
These binaries (installable software) and packages are in development.
They may not be fully stable and should be used with caution. We make no claims about them.