Last updated on 2024-05-04 05:50:18 CEST.
Flavor | Version | Tinstall | Tcheck | Ttotal | Status | Flags |
---|---|---|---|---|---|---|
r-devel-linux-x86_64-debian-clang | 0.6.7 | 2.59 | 32.60 | 35.19 | OK | |
r-devel-linux-x86_64-fedora-clang | 0.6.7 | 44.78 | NOTE | |||
r-devel-linux-x86_64-fedora-gcc | 0.6.7 | 54.15 | NOTE | |||
r-devel-windows-x86_64 | 0.6.7 | 4.00 | 50.00 | 54.00 | OK | |
r-patched-linux-x86_64 | 0.6.7 | 2.88 | 29.78 | 32.66 | OK | |
r-release-linux-x86_64 | 0.6.7 | 2.44 | 30.26 | 32.70 | OK | |
r-release-macos-arm64 | 0.6.7 | 25.00 | OK | |||
r-release-windows-x86_64 | 0.6.7 | 4.00 | 47.00 | 51.00 | OK | |
r-oldrel-macos-arm64 | 0.6.7 | 30.00 | OK | |||
r-oldrel-macos-x86_64 | 0.6.7 | 35.00 | OK | |||
r-oldrel-windows-x86_64 | 0.6.7 | 5.00 | 48.00 | 53.00 | OK |
Version: 0.6.7
Check: dependencies in R code
Result: NOTE
Namespaces in Imports field not imported from:
‘extrafont’ ‘future’
All declared Imports should be used.
Flavors: r-devel-linux-x86_64-fedora-clang, r-devel-linux-x86_64-fedora-gcc
These binaries (installable software) and packages are in development.
They may not be fully stable and should be used with caution. We make no claims about them.