Last updated on 2024-05-04 05:50:18 CEST.
Flavor | Version | Tinstall | Tcheck | Ttotal | Status | Flags |
---|---|---|---|---|---|---|
r-devel-linux-x86_64-debian-clang | 2.3.3 | 2.57 | 28.96 | 31.53 | NOTE | |
r-devel-linux-x86_64-fedora-clang | 2.3.3 | 39.49 | NOTE | |||
r-devel-linux-x86_64-fedora-gcc | 2.3.3 | 38.23 | NOTE | |||
r-devel-windows-x86_64 | 2.3.3 | 4.00 | 50.00 | 54.00 | OK | |
r-patched-linux-x86_64 | 2.3.3 | 3.04 | 27.05 | 30.09 | NOTE | |
r-release-linux-x86_64 | 2.3.3 | 2.65 | 27.21 | 29.86 | NOTE | |
r-release-macos-arm64 | 2.3.3 | 16.00 | OK | |||
r-release-windows-x86_64 | 2.3.3 | 3.00 | 41.00 | 44.00 | OK | |
r-oldrel-macos-arm64 | 2.3.3 | 17.00 | OK | |||
r-oldrel-macos-x86_64 | 2.3.3 | 22.00 | OK | |||
r-oldrel-windows-x86_64 | 2.3.3 | 7.00 | 43.00 | 50.00 | OK |
Version: 2.3.3
Check: for non-standard things in the check directory
Result: NOTE
Found the following files/directories:
‘Hello.csv’
Flavors: r-devel-linux-x86_64-debian-clang, r-devel-linux-x86_64-fedora-clang, r-devel-linux-x86_64-fedora-gcc, r-patched-linux-x86_64, r-release-linux-x86_64
These binaries (installable software) and packages are in development.
They may not be fully stable and should be used with caution. We make no claims about them.