Last updated on 2024-05-04 05:50:17 CEST.
Flavor | Version | Tinstall | Tcheck | Ttotal | Status | Flags |
---|---|---|---|---|---|---|
r-devel-linux-x86_64-debian-clang | 2.0.3 | 26.24 | 58.72 | 84.96 | NOTE | |
r-devel-linux-x86_64-fedora-clang | 2.0.3 | 108.71 | NOTE | |||
r-devel-linux-x86_64-fedora-gcc | 2.0.3 | 101.62 | NOTE | |||
r-devel-windows-x86_64 | 2.0.3 | 23.00 | 74.00 | 97.00 | NOTE | |
r-patched-linux-x86_64 | 2.0.3 | 26.20 | 52.77 | 78.97 | NOTE | |
r-release-linux-x86_64 | 2.0.3 | 21.22 | 53.31 | 74.53 | NOTE | |
r-release-macos-arm64 | 2.0.3 | 28.00 | NOTE | |||
r-release-windows-x86_64 | 2.0.3 | 21.00 | 76.00 | 97.00 | NOTE | |
r-oldrel-macos-arm64 | 2.0.3 | 30.00 | NOTE | |||
r-oldrel-macos-x86_64 | 2.0.3 | 49.00 | NOTE | |||
r-oldrel-windows-x86_64 | 2.0.3 | 26.00 | 90.00 | 116.00 | NOTE |
Version: 2.0.3
Check: C++ specification
Result: NOTE
Specified C++14: please drop specification unless essential
Flavors: r-devel-linux-x86_64-debian-clang, r-devel-linux-x86_64-fedora-clang, r-devel-linux-x86_64-fedora-gcc, r-devel-windows-x86_64, r-patched-linux-x86_64, r-release-linux-x86_64, r-release-macos-arm64, r-release-windows-x86_64, r-oldrel-macos-arm64, r-oldrel-macos-x86_64, r-oldrel-windows-x86_64
These binaries (installable software) and packages are in development.
They may not be fully stable and should be used with caution. We make no claims about them.