Last updated on 2024-05-04 05:50:17 CEST.
Flavor | Version | Tinstall | Tcheck | Ttotal | Status | Flags |
---|---|---|---|---|---|---|
r-devel-linux-x86_64-debian-clang | 3.6 | 64.52 | 518.10 | 582.62 | OK | |
r-devel-linux-x86_64-fedora-clang | 3.6 | 718.09 | NOTE | |||
r-devel-linux-x86_64-fedora-gcc | 3.6 | 688.66 | NOTE | |||
r-devel-windows-x86_64 | 3.6 | 29.00 | 247.00 | 276.00 | OK | |
r-patched-linux-x86_64 | 3.6 | 37.98 | 483.12 | 521.10 | OK | |
r-release-linux-x86_64 | 3.6 | 38.17 | 477.35 | 515.52 | OK | |
r-release-macos-arm64 | 3.6 | 294.00 | OK | |||
r-release-windows-x86_64 | 3.6 | 30.00 | 226.00 | 256.00 | OK | |
r-oldrel-macos-arm64 | 3.6 | 123.00 | OK | |||
r-oldrel-macos-x86_64 | 3.6 | 265.00 | OK | |||
r-oldrel-windows-x86_64 | 3.6 | 38.00 | 300.00 | 338.00 | OK |
Version: 3.6
Check: dependencies in R code
Result: NOTE
Namespace in Imports field not imported from: ‘Rcpp’
All declared Imports should be used.
Flavors: r-devel-linux-x86_64-fedora-clang, r-devel-linux-x86_64-fedora-gcc
These binaries (installable software) and packages are in development.
They may not be fully stable and should be used with caution. We make no claims about them.