Last updated on 2024-05-04 05:50:17 CEST.
Flavor | Version | Tinstall | Tcheck | Ttotal | Status | Flags |
---|---|---|---|---|---|---|
r-devel-linux-x86_64-debian-clang | 0.3.3 | 6.06 | 54.68 | 60.74 | OK | |
r-devel-linux-x86_64-fedora-clang | 0.3.3 | 80.66 | OK | |||
r-devel-linux-x86_64-fedora-gcc | 0.3.3 | 75.77 | OK | |||
r-devel-windows-x86_64 | 0.3.3 | 8.00 | 61.00 | 69.00 | OK | |
r-patched-linux-x86_64 | 0.3.3 | 11.25 | 53.06 | 64.31 | OK | |
r-release-linux-x86_64 | 0.3.3 | 7.95 | 52.79 | 60.74 | OK | |
r-release-macos-arm64 | 0.3.3 | 26.00 | OK | |||
r-release-macos-x86_64 | 0.3.3 | 6.00 | ERROR | |||
r-release-windows-x86_64 | 0.3.3 | 8.00 | 59.00 | 67.00 | OK | |
r-oldrel-macos-arm64 | 0.3.3 | 33.00 | OK | |||
r-oldrel-macos-x86_64 | 0.3.3 | 54.00 | OK | |||
r-oldrel-windows-x86_64 | 0.3.3 | 10.00 | 65.00 | 75.00 | OK |
Version: 0.3.3
Check: package dependencies
Result: ERROR
Package required but not available: ‘arrow’
See section ‘The DESCRIPTION file’ in the ‘Writing R Extensions’
manual.
Flavor: r-release-macos-x86_64
These binaries (installable software) and packages are in development.
They may not be fully stable and should be used with caution. We make no claims about them.