Last updated on 2024-05-04 05:50:17 CEST.
Flavor | Version | Tinstall | Tcheck | Ttotal | Status | Flags |
---|---|---|---|---|---|---|
r-devel-linux-x86_64-debian-clang | 0.1.0 | 5.99 | 74.10 | 80.09 | OK | |
r-devel-linux-x86_64-fedora-clang | 0.1.0 | 100.75 | NOTE | |||
r-devel-linux-x86_64-fedora-gcc | 0.1.0 | 105.61 | NOTE | |||
r-devel-windows-x86_64 | 0.1.0 | 7.00 | 72.00 | 79.00 | OK | |
r-patched-linux-x86_64 | 0.1.0 | 7.04 | 69.70 | 76.74 | OK | |
r-release-linux-x86_64 | 0.1.0 | 6.75 | 70.18 | 76.93 | OK | |
r-release-macos-arm64 | 0.1.0 | 37.00 | OK | |||
r-release-windows-x86_64 | 0.1.0 | 7.00 | 71.00 | 78.00 | OK | |
r-oldrel-macos-arm64 | 0.1.0 | 38.00 | OK | |||
r-oldrel-macos-x86_64 | 0.1.0 | 57.00 | OK | |||
r-oldrel-windows-x86_64 | 0.1.0 | 9.00 | 78.00 | 87.00 | OK |
Version: 0.1.0
Check: dependencies in R code
Result: NOTE
Namespace in Imports field not imported from: ‘utils’
All declared Imports should be used.
Flavors: r-devel-linux-x86_64-fedora-clang, r-devel-linux-x86_64-fedora-gcc
These binaries (installable software) and packages are in development.
They may not be fully stable and should be used with caution. We make no claims about them.