Last updated on 2025-11-22 21:49:37 CET.
| Flavor | Version | Tinstall | Tcheck | Ttotal | Status | Flags |
|---|---|---|---|---|---|---|
| r-devel-linux-x86_64-debian-clang | 1.1.0 | 6.65 | 899.58 | 906.23 | OK | |
| r-devel-linux-x86_64-debian-gcc | 1.1.0 | 4.82 | 609.42 | 614.24 | OK | |
| r-devel-linux-x86_64-fedora-clang | 1.1.0 | 11.00 | 1138.05 | 1149.05 | OK | |
| r-devel-windows-x86_64 | 1.0.2 | 10.00 | 550.00 | 560.00 | OK | |
| r-patched-linux-x86_64 | 1.0.2 | 7.68 | 835.58 | 843.26 | OK | |
| r-release-linux-x86_64 | 1.0.2 | 6.54 | 841.82 | 848.36 | OK | |
| r-release-macos-arm64 | 1.1.0 | 2.00 | 134.00 | 136.00 | OK | |
| r-release-macos-x86_64 | 1.1.0 | 7.00 | 630.00 | 637.00 | OK | |
| r-release-windows-x86_64 | 1.0.2 | 8.00 | 524.00 | 532.00 | OK | |
| r-oldrel-macos-arm64 | 1.1.0 | 2.00 | 139.00 | 141.00 | NOTE | |
| r-oldrel-macos-x86_64 | 1.1.0 | 15.00 | ERROR | |||
| r-oldrel-windows-x86_64 | 1.0.2 | 11.00 | 764.00 | 775.00 | NOTE |
Version: 1.1.0
Check: installed package size
Result: NOTE
installed size is 6.3Mb
sub-directories of 1Mb or more:
doc 4.3Mb
help 1.8Mb
Flavor: r-oldrel-macos-arm64
Version: 1.1.0
Check: package dependencies
Result: ERROR
Package required and available but unsuitable version: ‘omopgenerics’
See section ‘The DESCRIPTION file’ in the ‘Writing R Extensions’
manual.
Flavor: r-oldrel-macos-x86_64
Version: 1.0.2
Check: installed package size
Result: NOTE
installed size is 6.0Mb
sub-directories of 1Mb or more:
doc 4.0Mb
help 1.8Mb
Flavor: r-oldrel-windows-x86_64
These binaries (installable software) and packages are in development.
They may not be fully stable and should be used with caution. We make no claims about them.