Last updated on 2024-07-01 21:53:33 CEST.
Flavor | Version | Tinstall | Tcheck | Ttotal | Status | Flags |
---|---|---|---|---|---|---|
r-devel-linux-x86_64-debian-clang | 0.1.1 | 6.32 | 1591.84 | 1598.16 | OK | |
r-devel-linux-x86_64-debian-gcc | 0.1.1 | 4.51 | 1078.58 | 1083.09 | OK | |
r-devel-linux-x86_64-fedora-clang | 0.1.1 | 1918.52 | OK | |||
r-devel-linux-x86_64-fedora-gcc | 0.1.1 | 1726.07 | OK | |||
r-devel-windows-x86_64 | 0.1.1 | 8.00 | 981.00 | 989.00 | OK | |
r-patched-linux-x86_64 | 0.1.1 | 3.98 | 1488.81 | 1492.79 | OK | |
r-release-linux-x86_64 | 0.1.1 | 3.50 | 1498.11 | 1501.61 | OK | |
r-release-macos-arm64 | 0.1.1 | 246.00 | OK | |||
r-release-macos-x86_64 | 0.1.1 | 501.00 | OK | |||
r-release-windows-x86_64 | 0.1.1 | 7.00 | 979.00 | 986.00 | OK | |
r-oldrel-macos-arm64 | 0.1.1 | 199.00 | ERROR | |||
r-oldrel-macos-x86_64 | 0.1.1 | 392.00 | ERROR | |||
r-oldrel-windows-x86_64 | 0.1.1 | 8.00 | 1388.00 | 1396.00 | OK |
Version: 0.1.1
Check: running R code from vignettes
Result: ERROR
Errors in running code in vignettes:
when running code in ‘a01_Introduction.Rmd’
...
> library(here)
here() starts at /private/var/folders/k4/0jwzxmln0nb8y6rkzprptb640000gq/T/Rtmpq8MB5K/filed4d17b4689c5/vignettes
> knitr::include_graphics(here("vignettes/workflow.png"))
When sourcing ‘a01_Introduction.R’:
Error: Cannot find the file(s): "/private/var/folders/k4/0jwzxmln0nb8y6rkzprptb640000gq/T/Rtmpq8MB5K/filed4d17b4689c5/vignettes/vignettes/workflow.png"
Execution halted
Warning: Connection is garbage-collected, use dbDisconnect() to avoid this.
when running code in ‘a02_Generate_a_sequence_cohort_set.Rmd’
...
> library(here)
here() starts at /private/var/folders/k4/0jwzxmln0nb8y6rkzprptb640000gq/T/RtmpTpLQoI/filed4d79c7d3d4/vignettes
> knitr::include_graphics(here("vignettes/1-NoRestrictions.png"))
When sourcing ‘a02_Generate_a_sequence_cohort_set.R’:
Error: Cannot find the file(s): "/private/var/folders/k4/0jwzxmln0nb8y6rkzprptb640000gq/T/RtmpTpLQoI/filed4d79c7d3d4/vignettes/vignettes/1-NoRestrictions.png"
Execution halted
Warning: Connection is garbage-collected, use dbDisconnect() to avoid this.
‘a01_Introduction.Rmd’ using ‘UTF-8’... failed
‘a02_Generate_a_sequence_cohort_set.Rmd’ using ‘UTF-8’... failed
‘a03_Summarise_sequence_ratios.Rmd’ using ‘UTF-8’... [8s/8s] OK
‘a04_Visualise_sequence_ratios.Rmd’ using ‘UTF-8’... [8s/9s] OK
‘a05_Summarise_temporal_symmetry.Rmd’ using ‘UTF-8’... [7s/8s] OK
‘a06_Visualise_temporal_symmetry.Rmd’ using ‘UTF-8’... [7s/8s] OK
Flavor: r-oldrel-macos-arm64
Version: 0.1.1
Check: running R code from vignettes
Result: ERROR
Errors in running code in vignettes:
when running code in ‘a01_Introduction.Rmd’
...
> library(here)
here() starts at /private/var/folders/2b/t0kwbtmn3p7brv2mvx39c9cr0000gn/T/RtmpOkmOJO/filed52770ec83e4/vignettes
> knitr::include_graphics(here("vignettes/workflow.png"))
When sourcing ‘a01_Introduction.R’:
Error: Cannot find the file(s): "/private/var/folders/2b/t0kwbtmn3p7brv2mvx39c9cr0000gn/T/RtmpOkmOJO/filed52770ec83e4/vignettes/vignettes/workflow.png"
Execution halted
Warning: Connection is garbage-collected, use dbDisconnect() to avoid this.
when running code in ‘a02_Generate_a_sequence_cohort_set.Rmd’
...
> library(here)
here() starts at /private/var/folders/2b/t0kwbtmn3p7brv2mvx39c9cr0000gn/T/RtmpZ0r066/filed52d81119d9/vignettes
> knitr::include_graphics(here("vignettes/1-NoRestrictions.png"))
When sourcing ‘a02_Generate_a_sequence_cohort_set.R’:
Error: Cannot find the file(s): "/private/var/folders/2b/t0kwbtmn3p7brv2mvx39c9cr0000gn/T/RtmpZ0r066/filed52d81119d9/vignettes/vignettes/1-NoRestrictions.png"
Execution halted
Warning: Connection is garbage-collected, use dbDisconnect() to avoid this.
‘a01_Introduction.Rmd’ using ‘UTF-8’... failed
‘a02_Generate_a_sequence_cohort_set.Rmd’ using ‘UTF-8’... failed
‘a03_Summarise_sequence_ratios.Rmd’ using ‘UTF-8’... [16s/16s] OK
‘a04_Visualise_sequence_ratios.Rmd’ using ‘UTF-8’... [17s/16s] OK
‘a05_Summarise_temporal_symmetry.Rmd’ using ‘UTF-8’... [15s/15s] OK
‘a06_Visualise_temporal_symmetry.Rmd’ using ‘UTF-8’... [15s/15s] OK
Flavor: r-oldrel-macos-x86_64
These binaries (installable software) and packages are in development.
They may not be fully stable and should be used with caution. We make no claims about them.