Last updated on 2024-07-03 21:51:32 CEST.
Flavor | Version | Tinstall | Tcheck | Ttotal | Status | Flags |
---|---|---|---|---|---|---|
r-devel-linux-x86_64-debian-clang | 0.1.0 | 17.82 | 136.99 | 154.81 | OK | |
r-devel-linux-x86_64-debian-gcc | 0.1.0 | 13.37 | 98.76 | 112.13 | OK | |
r-devel-linux-x86_64-fedora-clang | 0.1.0 | 198.87 | NOTE | |||
r-devel-linux-x86_64-fedora-gcc | 0.1.0 | 173.81 | NOTE | |||
r-devel-windows-x86_64 | 0.1.0 | 17.00 | 103.00 | 120.00 | OK | |
r-patched-linux-x86_64 | 0.1.0 | 13.44 | 128.48 | 141.92 | OK | |
r-release-linux-x86_64 | 0.1.0 | 12.82 | 130.36 | 143.18 | OK | |
r-release-macos-arm64 | 0.1.0 | 53.00 | OK | |||
r-release-macos-x86_64 | 0.1.0 | 74.00 | OK | |||
r-release-windows-x86_64 | 0.1.0 | 18.00 | 105.00 | 123.00 | OK | |
r-oldrel-macos-arm64 | 0.1.0 | 57.00 | OK | |||
r-oldrel-macos-x86_64 | 0.1.0 | 150.00 | OK | |||
r-oldrel-windows-x86_64 | 0.1.0 | 21.00 | 135.00 | 156.00 | OK |
Version: 0.1.0
Check: dependencies in R code
Result: NOTE
Namespace in Imports field not imported from: ‘devtools’
All declared Imports should be used.
Flavors: r-devel-linux-x86_64-fedora-clang, r-devel-linux-x86_64-fedora-gcc
These binaries (installable software) and packages are in development.
They may not be fully stable and should be used with caution. We make no claims about them.