Last updated on 2024-05-04 05:50:18 CEST.
Flavor | Version | Tinstall | Tcheck | Ttotal | Status | Flags |
---|---|---|---|---|---|---|
r-devel-linux-x86_64-debian-clang | 0.1.1 | 3.34 | 154.44 | 157.78 | NOTE | |
r-devel-linux-x86_64-fedora-clang | 0.1.1 | 200.40 | NOTE | |||
r-devel-linux-x86_64-fedora-gcc | 0.1.1 | 173.24 | NOTE | |||
r-devel-windows-x86_64 | 0.1.1 | 4.00 | 119.00 | 123.00 | NOTE | |
r-patched-linux-x86_64 | 0.1.1 | 3.76 | 143.25 | 147.01 | NOTE | |
r-release-linux-x86_64 | 0.1.1 | 2.23 | 147.46 | 149.69 | NOTE | |
r-release-macos-arm64 | 0.1.1 | 50.00 | NOTE | |||
r-release-windows-x86_64 | 0.1.1 | 5.00 | 107.00 | 112.00 | NOTE | |
r-oldrel-macos-arm64 | 0.1.1 | 54.00 | OK | |||
r-oldrel-macos-x86_64 | 0.1.1 | 90.00 | OK | |||
r-oldrel-windows-x86_64 | 0.1.1 | 4.00 | 134.00 | 138.00 | OK |
Version: 0.1.1
Check: Rd files
Result: NOTE
checkRd: (-1) cf_grid.Rd:38: Lost braces; missing escapes or markup?
38 | heat.colors, terrain.colors, topo.colors, and function(x) {gray((1:x)/x)}.}
| ^
checkRd: (-1) cf_highdim.Rd:58: Lost braces; missing escapes or markup?
58 | heat.colors, terrain.colors, topo.colors, and function(x) {gray((1:x)/x)}.}
| ^
checkRd: (-1) gcf_grid.Rd:51: Lost braces; missing escapes or markup?
51 | heat.colors, terrain.colors, topo.colors, and function(x) {gray((1:x)/x)}.}
| ^
Flavors: r-devel-linux-x86_64-debian-clang, r-devel-linux-x86_64-fedora-clang, r-devel-linux-x86_64-fedora-gcc, r-devel-windows-x86_64, r-patched-linux-x86_64, r-release-linux-x86_64, r-release-macos-arm64, r-release-windows-x86_64
These binaries (installable software) and packages are in development.
They may not be fully stable and should be used with caution. We make no claims about them.