Last updated on 2024-05-04 05:50:18 CEST.
Flavor | Version | Tinstall | Tcheck | Ttotal | Status | Flags |
---|---|---|---|---|---|---|
r-devel-linux-x86_64-debian-clang | 0.6-2 | 18.56 | 112.82 | 131.38 | OK | |
r-devel-linux-x86_64-fedora-clang | 0.6-2 | 174.68 | OK | |||
r-devel-linux-x86_64-fedora-gcc | 0.6-2 | 171.49 | OK | |||
r-devel-windows-x86_64 | 0.6-2 | 19.00 | 115.00 | 134.00 | OK | |
r-patched-linux-x86_64 | 0.6-2 | 15.48 | 107.65 | 123.13 | OK | |
r-release-linux-x86_64 | 0.6-2 | 14.73 | 107.06 | 121.79 | OK | |
r-release-macos-arm64 | 0.6-2 | 54.00 | OK | |||
r-release-windows-x86_64 | 0.6-2 | 17.00 | 117.00 | 134.00 | OK | |
r-oldrel-macos-arm64 | 0.6-2 | 64.00 | OK | |||
r-oldrel-macos-x86_64 | 0.6-2 | 85.00 | NOTE | |||
r-oldrel-windows-x86_64 | 0.6-2 | 20.00 | 133.00 | 153.00 | OK |
Version: 0.6-2
Check: package dependencies
Result: NOTE
Package suggested but not available for checking: ‘BiocParallel’
Flavor: r-oldrel-macos-x86_64
These binaries (installable software) and packages are in development.
They may not be fully stable and should be used with caution. We make no claims about them.