Last updated on 2024-05-04 05:50:18 CEST.
Flavor | Version | Tinstall | Tcheck | Ttotal | Status | Flags |
---|---|---|---|---|---|---|
r-devel-linux-x86_64-debian-clang | 3.5.8 | 180.36 | 186.53 | 366.89 | OK | |
r-devel-linux-x86_64-fedora-clang | 3.5.8 | 507.79 | OK | |||
r-devel-linux-x86_64-fedora-gcc | 3.5.8 | 517.58 | OK | |||
r-devel-windows-x86_64 | 3.5.8 | 130.00 | 218.00 | 348.00 | OK | |
r-patched-linux-x86_64 | 3.5.8 | 139.39 | 172.73 | 312.12 | OK | |
r-release-linux-x86_64 | 3.5.8 | 150.49 | 174.79 | 325.28 | OK | |
r-release-macos-arm64 | 3.5.8 | 112.00 | NOTE | |||
r-release-windows-x86_64 | 3.5.8 | 128.00 | 217.00 | 345.00 | OK | |
r-oldrel-macos-arm64 | 3.5.8 | 116.00 | NOTE | |||
r-oldrel-macos-x86_64 | 3.5.8 | 193.00 | NOTE | |||
r-oldrel-windows-x86_64 | 3.5.8 | 165.00 | 245.00 | 410.00 | OK |
Version: 3.5.8
Check: installed package size
Result: NOTE
installed size is 8.3Mb
sub-directories of 1Mb or more:
doc 1.9Mb
libs 5.3Mb
Flavors: r-release-macos-arm64, r-oldrel-macos-arm64, r-oldrel-macos-x86_64
These binaries (installable software) and packages are in development.
They may not be fully stable and should be used with caution. We make no claims about them.