Last updated on 2024-05-04 05:50:18 CEST.
Flavor | Version | Tinstall | Tcheck | Ttotal | Status | Flags |
---|---|---|---|---|---|---|
r-devel-linux-x86_64-debian-clang | 1.0.2 | 42.43 | 599.44 | 641.87 | OK | |
r-devel-linux-x86_64-fedora-clang | 1.0.2 | 849.00 | NOTE | |||
r-devel-linux-x86_64-fedora-gcc | 1.0.2 | 816.65 | OK | |||
r-devel-windows-x86_64 | 1.0.2 | 37.00 | 386.00 | 423.00 | NOTE | |
r-patched-linux-x86_64 | 1.0.2 | 43.15 | 558.67 | 601.82 | OK | |
r-release-linux-x86_64 | 1.0.2 | 37.06 | 555.33 | 592.39 | OK | |
r-release-macos-arm64 | 1.0.2 | 170.00 | NOTE | |||
r-release-macos-x86_64 | 1.0.2 | 224.00 | NOTE | |||
r-release-windows-x86_64 | 1.0.2 | 37.00 | 382.00 | 419.00 | NOTE | |
r-oldrel-macos-arm64 | 1.0.2 | 120.00 | NOTE | |||
r-oldrel-macos-x86_64 | 1.0.2 | 225.00 | NOTE | |||
r-oldrel-windows-x86_64 | 1.0.2 | 41.00 | 507.00 | 548.00 | NOTE |
Version: 1.0.2
Check: installed package size
Result: NOTE
installed size is 5.4Mb
sub-directories of 1Mb or more:
data 1.2Mb
doc 2.9Mb
Flavors: r-devel-linux-x86_64-fedora-clang, r-devel-windows-x86_64, r-release-macos-arm64, r-release-macos-x86_64, r-release-windows-x86_64, r-oldrel-macos-arm64, r-oldrel-macos-x86_64, r-oldrel-windows-x86_64
These binaries (installable software) and packages are in development.
They may not be fully stable and should be used with caution. We make no claims about them.