Last updated on 2024-05-04 05:50:18 CEST.
Flavor | Version | Tinstall | Tcheck | Ttotal | Status | Flags |
---|---|---|---|---|---|---|
r-devel-linux-x86_64-debian-clang | 1.4.8 | 4.46 | 39.94 | 44.40 | OK | |
r-devel-linux-x86_64-fedora-clang | 1.4.8 | 57.12 | NOTE | |||
r-devel-linux-x86_64-fedora-gcc | 1.4.8 | 51.29 | NOTE | |||
r-devel-windows-x86_64 | 1.4.8 | 5.00 | 50.00 | 55.00 | OK | |
r-patched-linux-x86_64 | 1.4.8 | 2.52 | 37.96 | 40.48 | OK | |
r-release-linux-x86_64 | 1.4.8 | 2.87 | 38.13 | 41.00 | OK | |
r-release-macos-arm64 | 1.4.8 | 24.00 | OK | |||
r-release-windows-x86_64 | 1.4.8 | 6.00 | 51.00 | 57.00 | OK | |
r-oldrel-macos-arm64 | 1.4.8 | 23.00 | OK | |||
r-oldrel-macos-x86_64 | 1.4.8 | 29.00 | OK | |||
r-oldrel-windows-x86_64 | 1.4.8 | 7.00 | 54.00 | 61.00 | OK |
Version: 1.4.8
Check: dependencies in R code
Result: NOTE
Namespaces in Imports field not imported from:
‘DT’ ‘dplyr’ ‘geosphere’ ‘mapdata’ ‘maps’ ‘marmap’ ‘shinydashboard’
‘shinyjs’ ‘stringr’ ‘swfscDAS’
All declared Imports should be used.
Flavors: r-devel-linux-x86_64-fedora-clang, r-devel-linux-x86_64-fedora-gcc
These binaries (installable software) and packages are in development.
They may not be fully stable and should be used with caution. We make no claims about them.