Last updated on 2024-05-04 05:50:18 CEST.
Flavor | Version | Tinstall | Tcheck | Ttotal | Status | Flags |
---|---|---|---|---|---|---|
r-devel-linux-x86_64-debian-clang | 3.4.0 | 261.99 | 137.52 | 399.51 | OK | |
r-devel-linux-x86_64-fedora-clang | 3.4.0 | 566.14 | NOTE | |||
r-devel-linux-x86_64-fedora-gcc | 3.4.0 | 563.11 | OK | |||
r-devel-windows-x86_64 | 3.4.0 | 214.00 | 153.00 | 367.00 | OK | |
r-patched-linux-x86_64 | 3.4.0 | 249.35 | 132.56 | 381.91 | OK | |
r-release-linux-x86_64 | 3.4.0 | 257.90 | 128.41 | 386.31 | OK | |
r-release-macos-arm64 | 3.4.0 | 127.00 | NOTE | |||
r-release-windows-x86_64 | 3.4.0 | 205.00 | 153.00 | 358.00 | OK | |
r-oldrel-macos-arm64 | 3.4.0 | 138.00 | NOTE | |||
r-oldrel-macos-x86_64 | 3.4.0 | 197.00 | NOTE | |||
r-oldrel-windows-x86_64 | 3.4.0 | 252.00 | 193.00 | 445.00 | OK |
Version: 3.4.0
Check: installed package size
Result: NOTE
installed size is 6.7Mb
sub-directories of 1Mb or more:
libs 5.9Mb
Flavors: r-devel-linux-x86_64-fedora-clang, r-release-macos-arm64, r-oldrel-macos-arm64, r-oldrel-macos-x86_64
These binaries (installable software) and packages are in development.
They may not be fully stable and should be used with caution. We make no claims about them.