Last updated on 2024-05-04 05:50:18 CEST.
Flavor | Version | Tinstall | Tcheck | Ttotal | Status | Flags |
---|---|---|---|---|---|---|
r-devel-linux-x86_64-debian-clang | 0.5.0 | 4.15 | 36.35 | 40.50 | NOTE | |
r-devel-linux-x86_64-fedora-clang | 0.5.0 | 53.47 | NOTE | |||
r-devel-linux-x86_64-fedora-gcc | 0.5.0 | 47.44 | NOTE | |||
r-devel-windows-x86_64 | 0.5.0 | 7.00 | 50.00 | 57.00 | NOTE | |
r-patched-linux-x86_64 | 0.5.0 | 5.15 | 34.28 | 39.43 | NOTE | |
r-release-linux-x86_64 | 0.5.0 | 5.13 | 33.40 | 38.53 | NOTE | |
r-release-macos-arm64 | 0.5.0 | 20.00 | NOTE | |||
r-release-windows-x86_64 | 0.5.0 | 6.00 | 50.00 | 56.00 | NOTE | |
r-oldrel-macos-arm64 | 0.5.0 | 21.00 | NOTE | |||
r-oldrel-macos-x86_64 | 0.5.0 | 28.00 | NOTE | |||
r-oldrel-windows-x86_64 | 0.5.0 | 7.00 | 52.00 | 59.00 | NOTE |
Version: 0.5.0
Check: LazyData
Result: NOTE
'LazyData' is specified without a 'data' directory
Flavors: r-devel-linux-x86_64-debian-clang, r-devel-linux-x86_64-fedora-clang, r-devel-linux-x86_64-fedora-gcc, r-devel-windows-x86_64, r-patched-linux-x86_64, r-release-linux-x86_64, r-release-macos-arm64, r-release-windows-x86_64, r-oldrel-macos-arm64, r-oldrel-macos-x86_64, r-oldrel-windows-x86_64
Version: 0.5.0
Check: dependencies in R code
Result: NOTE
Namespace in Imports field not imported from: ‘titanic’
All declared Imports should be used.
Flavors: r-devel-linux-x86_64-fedora-clang, r-devel-linux-x86_64-fedora-gcc
These binaries (installable software) and packages are in development.
They may not be fully stable and should be used with caution. We make no claims about them.