Last updated on 2024-05-04 03:50:17 CEST.
Flavor | Version | Tinstall | Tcheck | Ttotal | Status | Flags |
---|---|---|---|---|---|---|
r-devel-linux-x86_64-debian-clang | 4.4.1 | 183.04 | 654.56 | 837.60 | OK | |
r-devel-linux-x86_64-fedora-clang | 4.4.1 | 1122.54 | OK | |||
r-devel-linux-x86_64-fedora-gcc | 4.4.1 | 1138.26 | OK | |||
r-devel-windows-x86_64 | 4.4.1 | 111.00 | 437.00 | 548.00 | NOTE | |
r-patched-linux-x86_64 | 4.4.1 | 165.17 | 653.71 | 818.88 | OK | |
r-release-linux-x86_64 | 4.4.1 | 145.13 | 577.32 | 722.45 | OK | |
r-release-macos-arm64 | 4.4.1 | 216.00 | NOTE | |||
r-release-windows-x86_64 | 4.4.1 | 109.00 | 406.00 | 515.00 | NOTE | |
r-oldrel-macos-arm64 | 4.4.1 | 270.00 | NOTE | |||
r-oldrel-macos-x86_64 | 4.4.1 | 579.00 | NOTE | |||
r-oldrel-windows-x86_64 | 4.4.1 | 133.00 | 583.00 | 716.00 | NOTE |
Version: 4.4.1
Check: package dependencies
Result: NOTE
Package which this enhances but not available for checking: 'doMC'
Flavors: r-devel-windows-x86_64, r-release-windows-x86_64, r-oldrel-windows-x86_64
Version: 4.4.1
Check: installed package size
Result: NOTE
installed size is 37.9Mb
sub-directories of 1Mb or more:
libs 35.9Mb
Flavors: r-release-macos-arm64, r-oldrel-macos-arm64, r-oldrel-macos-x86_64
These binaries (installable software) and packages are in development.
They may not be fully stable and should be used with caution. We make no claims about them.