Last updated on 2024-07-01 21:53:34 CEST.
Flavor | Version | Tinstall | Tcheck | Ttotal | Status | Flags |
---|---|---|---|---|---|---|
r-devel-linux-x86_64-debian-clang | 0.1.2 | 48.44 | 429.90 | 478.34 | OK | |
r-devel-linux-x86_64-debian-gcc | 0.1.2 | 41.13 | 318.05 | 359.18 | OK | |
r-devel-linux-x86_64-fedora-clang | 0.1.2 | 612.78 | NOTE | |||
r-devel-linux-x86_64-fedora-gcc | 0.1.2 | 579.50 | NOTE | |||
r-devel-windows-x86_64 | 0.1.2 | 44.00 | 280.00 | 324.00 | OK | |
r-patched-linux-x86_64 | 0.1.2 | 41.33 | 395.73 | 437.06 | OK | |
r-release-linux-x86_64 | 0.1.2 | 36.26 | 406.30 | 442.56 | OK | |
r-release-macos-arm64 | 0.1.2 | 160.00 | OK | |||
r-release-macos-x86_64 | 0.1.2 | 269.00 | OK | |||
r-release-windows-x86_64 | 0.1.2 | 45.00 | 278.00 | 323.00 | OK | |
r-oldrel-macos-arm64 | 0.1.2 | 10.00 | ERROR | |||
r-oldrel-macos-x86_64 | 0.1.2 | 12.00 | ERROR | |||
r-oldrel-windows-x86_64 | 0.1.2 | 60.00 | 366.00 | 426.00 | OK |
Version: 0.1.2
Check: dependencies in R code
Result: NOTE
Namespace in Imports field not imported from: ‘ggplot2’
All declared Imports should be used.
Flavors: r-devel-linux-x86_64-fedora-clang, r-devel-linux-x86_64-fedora-gcc
Version: 0.1.2
Check: package dependencies
Result: ERROR
Package required but not available: ‘DBTC’
See section ‘The DESCRIPTION file’ in the ‘Writing R Extensions’
manual.
Flavors: r-oldrel-macos-arm64, r-oldrel-macos-x86_64
These binaries (installable software) and packages are in development.
They may not be fully stable and should be used with caution. We make no claims about them.