Last updated on 2024-05-04 03:50:17 CEST.
Flavor | Version | Tinstall | Tcheck | Ttotal | Status | Flags |
---|---|---|---|---|---|---|
r-devel-linux-x86_64-debian-clang | 1.1.0 | 12.19 | 112.62 | 124.81 | OK | |
r-devel-linux-x86_64-fedora-clang | 1.1.0 | 163.34 | NOTE | |||
r-devel-linux-x86_64-fedora-gcc | 1.1.0 | 157.17 | NOTE | |||
r-devel-windows-x86_64 | 1.1.0 | 12.00 | 93.00 | 105.00 | OK | |
r-patched-linux-x86_64 | 1.1.0 | 12.44 | 103.75 | 116.19 | OK | |
r-release-linux-x86_64 | 1.1.0 | 12.85 | 102.67 | 115.52 | OK | |
r-release-macos-arm64 | 1.1.0 | 52.00 | OK | |||
r-release-windows-x86_64 | 1.1.0 | 13.00 | 94.00 | 107.00 | OK | |
r-oldrel-macos-arm64 | 1.1.0 | 54.00 | OK | |||
r-oldrel-macos-x86_64 | 1.1.0 | 157.00 | OK | |||
r-oldrel-windows-x86_64 | 1.1.0 | 17.00 | 116.00 | 133.00 | OK |
Version: 1.1.0
Check: dependencies in R code
Result: NOTE
Namespace in Imports field not imported from: ‘knitr’
All declared Imports should be used.
Flavors: r-devel-linux-x86_64-fedora-clang, r-devel-linux-x86_64-fedora-gcc
These binaries (installable software) and packages are in development.
They may not be fully stable and should be used with caution. We make no claims about them.