Last updated on 2025-10-23 17:50:46 CEST.
| Flavor | Version | Tinstall | Tcheck | Ttotal | Status | Flags |
|---|---|---|---|---|---|---|
| r-devel-linux-x86_64-debian-clang | 1.1 | 16.91 | 125.75 | 142.66 | NOTE | |
| r-devel-linux-x86_64-debian-gcc | 1.1 | 10.66 | 85.74 | 96.40 | NOTE | |
| r-devel-linux-x86_64-fedora-clang | 1.1 | 32.00 | 190.10 | 222.10 | OK | |
| r-devel-linux-x86_64-fedora-gcc | 1.1 | 36.00 | 175.89 | 211.89 | OK | |
| r-devel-windows-x86_64 | 1.1 | 16.00 | 128.00 | 144.00 | OK | |
| r-patched-linux-x86_64 | 1.1 | 13.49 | 119.38 | 132.87 | OK | |
| r-release-linux-x86_64 | 1.1 | 13.62 | 117.96 | 131.58 | OK | |
| r-release-macos-arm64 | 1.1 | 6.00 | 46.00 | 52.00 | OK | |
| r-release-macos-x86_64 | 1.1 | 19.00 | 94.00 | 113.00 | OK | |
| r-release-windows-x86_64 | 1.1 | 16.00 | 133.00 | 149.00 | OK | |
| r-oldrel-macos-arm64 | 1.1 | 5.00 | 47.00 | 52.00 | OK | |
| r-oldrel-macos-x86_64 | 1.1 | 8.00 | 101.00 | 109.00 | OK | |
| r-oldrel-windows-x86_64 | 1.1 | 21.00 | 171.00 | 192.00 | OK |
Version: 1.1
Check: CRAN incoming feasibility
Result: NOTE
Maintainer: ‘Victor H. Cervantes <vhcervantesb@unal.edu.co>’
No Authors@R field in DESCRIPTION.
Please add one, modifying
Authors@R: person(given = c("Victor", "H."),
family = "Cervantes",
role = c("aut", "cre"),
email = "vhcervantesb@unal.edu.co")
as necessary.
Flavors: r-devel-linux-x86_64-debian-clang, r-devel-linux-x86_64-debian-gcc
These binaries (installable software) and packages are in development.
They may not be fully stable and should be used with caution. We make no claims about them.