Last updated on 2024-05-04 03:50:18 CEST.
Flavor | Version | Tinstall | Tcheck | Ttotal | Status | Flags |
---|---|---|---|---|---|---|
r-devel-linux-x86_64-debian-clang | 1.1.2 | 3.74 | 45.28 | 49.02 | NOTE | |
r-devel-linux-x86_64-fedora-clang | 1.1.2 | 90.45 | OK | |||
r-devel-linux-x86_64-fedora-gcc | 1.1.2 | 91.88 | OK | |||
r-devel-windows-x86_64 | 1.1.2 | 6.00 | 74.00 | 80.00 | OK | |
r-patched-linux-x86_64 | 1.1.2 | 5.27 | 59.45 | 64.72 | OK | |
r-release-linux-x86_64 | 1.1.2 | 4.99 | 58.20 | 63.19 | OK | |
r-release-macos-arm64 | 1.1.2 | 33.00 | OK | |||
r-release-windows-x86_64 | 1.1.2 | 5.00 | 72.00 | 77.00 | OK | |
r-oldrel-macos-arm64 | 1.1.2 | 35.00 | OK | |||
r-oldrel-macos-x86_64 | 1.1.2 | 54.00 | OK | |||
r-oldrel-windows-x86_64 | 1.1.2 | 6.00 | 84.00 | 90.00 | OK |
Version: 1.1.2
Check: package dependencies
Result: NOTE
Packages suggested but not available for checking:
'biomaRt', 'GenomicRanges'
Flavor: r-devel-linux-x86_64-debian-clang
These binaries (installable software) and packages are in development.
They may not be fully stable and should be used with caution. We make no claims about them.